is 4 + 0?
4
In base 2, what is -10011110000 - 10?
-10011110010
In base 15, what is 104 - c?
e7
In base 12, what is 33 + 19?
50
In base 11, what is -33 - -4?
-2a
In base 13, what is 75 + -1?
74
In base 16, what is 87 - -6?
8d
In base 7, what is -32 - -5033?
5001
In base 3, what is -122 - -222?
100
In base 2, what is -100 - 100?
-1000
In base 5, what is -2413 - -24?
-2334
In base 6, what is 342013 + 3?
342020
In base 16, what is 1 + 8ed?
8ee
In base 5, what is -1411042 + -3?
-1411100
In base 2, what is 11 - 1000010100?
-1000010001
In base 12, what is 0 - 1135?
-1135
In base 3, what is 0 + 2111011?
2111011
In base 2, what is -111011 + 110111?
-100
In base 5, what is 11032 + -10?
11022
In base 15, what is 16 + -7?
e
In base 5, what is 10 - -14?
24
In base 4, what is -13 + 3?
-10
In base 7, what is 2143 + -4?
2136
In base 3, what is -2 - -11110?
11101
In base 11, what is -4 - -3a6?
3a2
In base 6, what is -2 - 22231?
-22233
In base 15, what is 4d + -1d?
30
In base 9, what is 61 - 117?
-46
In base 16, what is -2ff + -2?
-301
In base 2, what is -1001001101 - 101?
-1001010010
In base 11, what is 479 - 4?
475
In base 11, what is 4 + -313?
-30a
In base 14, what is 498 - -16?
4b0
In base 6, what is 12 - 3?
5
In base 4, what is -2333 - 12?
-3011
In base 11, what is -6 - -26?
20
In base 14, what is -23 + -198?
-1bb
In base 15, what is 0 - -1d6?
1d6
In base 16, what is -6 + 1f?
19
In base 10, what is 19 + 137?
156
In base 3, what is 12 - 100001012?
-100001000
In base 6, what is 5 + 551?
1000
In base 14, what is 38b2 - 0?
38b2
In base 6, what is 2103 + 1?
2104
In base 15, what is 13 + 334?
347
In base 6, what is 2 + -1024?
-1022
In base 5, what is -11020 + -10?
-11030
In base 6, what is -5 + 4002?
3553
In base 8, what is 132 + 23?
155
In base 12, what is -1595 + -9?
-15a2
In base 13, what is 47c - -2?
481
In base 3, what is -10111120 - 10?
-10111200
In base 8, what is 14 - 1?
13
In base 7, what is 14 - 1342?
-1325
In base 15, what is 1 - d1?
-d0
In base 16, what is e + 234?
242
In base 8, what is 0 - 65?
-65
In base 3, what is 2000 - 1020?
210
In base 16, what is 6 + e8?
ee
In base 5, what is -232143 - 0?
-232143
In base 9, what is 235 - -5?
241
In base 3, what is -1 + 22020?
22012
In base 15, what is -6 - -15?
e
In base 15, what is -1 - -24d?
24c
In base 3, what is -2 - 22102?
-22111
In base 14, what is -1 + 515?
514
In base 13, what is 40 + -4?
39
In base 9, what is -261 - 0?
-261
In base 10, what is 1543 + -5?
1538
In base 9, what is -3 - 23?
-26
In base 6, what is -442 - 43?
-525
In base 15, what is -4 - -1565?
1561
In base 12, what is 17 - -18?
33
In base 14, what is -1 - 12a?
-12b
In base 12, what is 9 - 57?
-4a
In base 5, what is 14011 - -2?
14013
In base 5, what is 34 - -3004?
3043
In base 4, what is 1113 + -23?
1030
In base 8, what is 471 - 4?
465
In base 6, what is 251 + -1?
250
In base 4, what is -30001 + -10?
-30011
In base 16, what is -6 - -175?
16f
In base 2, what is -110001 - 101001010?
-101111011
In base 8, what is -1257 - -4?
-1253
In base 2, what is 101011 - -1001011011?
1010000110
In base 6, what is -4 + -50?
-54
In base 5, what is -3130 - -4?
-3121
In base 16, what is -8a + 6?
-84
In base 7, what is 45 + 46?
124
In base 5, what is 101440 - 3?
101432
In base 2, what is 10010 - -10000001?
10010011
In base 8, what is 21 + 65?
106
In base 7, what is -115 + -10?
-125
In base 2, what is 11111000000 + -100?
11110111100
In base 13, what is a + -41?
-34
In base 7, what is 160 + -1?
156
In base 2, what is 1000 + 1000?
10000
In base 8, what is -115024 - 2?
-115026
In base 2, what is 1000 - -110100101?
110101101
In base 9, what is 0 + 560?
560
In base 16, what is 8 - -11?
19
In base 10, what is 11 - -5?
16
In base 13, what is -b5a - -1?
-b59
In base 13, what is 1 - 6a?
-69
In base 13, what is -b63 - 3?
-b66
In base 14, what is -3 + 6b1?
6ac
In base 6, what is -4 - 343?
-351
In base 8, what is 5 - -14165?
14172
In base 11, what is 233 - -5?
238
In base 15, what is -2 - 671?
-673
In base 12, what is 43b + 3?
442
In base 7, what is -2 + 136?
134
In base 16, what is 3 + d0?
d3
In base 10, what is -15 - 155?
-170
In base 16, what is 6a9 + -3?
6a6
In base 6, what is 1 - -1225?
1230
In base 8, what is 3 + -16560?
-16555
In base 12, what is -4 + -20?
-24
In base 14, what is 3bcd + 5?
3bd4
In base 11, what is 3 - -39?
41
In base 5, what is 3033 - 21?
3012
In base 4, what is 1120 - 10?
1110
In base 10, what is 2 - -134?
136
In base 4, what is 101 - 12?
23
In base 11, what is 3a + 1?
40
In base 11, what is -3a + a?
-30
In base 13, what is -3 + -21?
-24
In base 11, what is -21 + 39?
18
In base 6, what is -4331 + -24?
-4355
In base 5, what is -20 - 3013?
-3033
In base 2, what is 11011110001 + -1?
11011110000
In base 2, what is 100101 + -100000010?
-11011101
In base 8, what is -5 - -2562?
2555
In base 4, what is -200 - 10?
-210
In base 3, what is -221 - 120110?
-121101
In base 15, what is -2b - 1?
-2c
In base 15, what is 2 - -491?
493
In base 16, what is -1d - -1d?
0
In base 6, what is -54 + 3?
-51
In base 10, what is 3 - -1262?
1265
In base 7, what is 156 - -122?
311
In base 10, what is -1 - 6687?
-6688
In base 13, what is 4 - 66?
-62
In base 4, what is 131 + -10?
121
In base 16, what is 13 + -6?
d
In base 11, what is 14 + -a7?
-93
In base 2, what is 10 - 11111011?
-11111001
In base 11, what is -6653 + -1?
-6654
In base 11, what is 2 + 11a?
121
In base 13, what is 38a - -3?
390
In base 7, what is -4022 - 1?
-4023
In base 10, what is -235 + 4?
-231
In base 10, what is -45 - 4?
-49
In base 14, what is -2d - 74?
-a3
In base 11, what is 1 - 28?
-27
In base 11, what is 1 + 2?
3
In base 15, what is 3 - -5a?
5d
In base 15, what is bbd + -2?
bbb
In base 6, what is -40 - -1342?
1302
In base 7, what is 320 - 36?
251
In base 3, what is -12 - 1010?
-1022
In base 6, what is -23 - 11?
-34
In base 16, what is -1 - -5c0?
5bf
In base 15, what is 1b4 + -17?
19c
In base 16, what is 4 - -e5d?
e61
In base 7, what is 200 + 11?
211
In base 6, what is -31 - -101?
30
In base 12, what is 150 + -3?
149
In base 15, what is 5 + ca9?
cae
In base 9, what is -40 - -4?
-35
In base 3, what is 1001022 - 211?
1000111
In base 12, what is 3 - 12?
-b
In base 12, what is 3 + 318?
31b
In base 4, what is -213010 - -10?
-213000
In base 3, what is -212 - -11122?
10210
In base 16, what is 5 - 63?
-5e
In base 16, what is -6 + -7c0?
-7c6
In base 9, what is -84 - -38?
-45
In base 14, what is -2b0 + -1?
-2b1
In base 8, what is 30 - 70?
-40
In base 13, what is 1 + -40?
-3c
In base 15, what is 47 + -1?
46
In base 7, what is 42 + -5?
34
In base 9, what is 6 + 251?
257
In base 5, what is -1 + -11?
-12
In base 13, what is 0 - 538?
-538
In base 10, what is 3486 + 3?
3489
In base 16, what is -b - 0?
-b
In base 9, what is 10 - -52?
62
In base 15, what is d + -b1?
-a3
In base 5, what is 104 + -312?
-203
In base 16, what is -2 + 8f?
8d
In base 11, what is -1755 + 2?
-1753
In base 10, what is -9 + -16?
-25
In base 9, what is 561 + 2?
563
In base 10, what is -184 + 0?
-184
In base 13, what is -4 - 10?
-14
In base 11, what is -11 - -1?
-10
In base 4, what is 33 - 3010?
-2311
In base 14, what is 4 + 1637?
163b
In base 14, what is -3 + 142?
13d
In base 3, what is -1200221 + -11?
-1201002
In base 15, what is 2d + 1e?
4c
In base 7, what is -2 - 165?
-200
In base 8, what is 5 - 42?
-35
In base 10, what is -7 + -72?
-79
In base 12, what is 3 - -44?
47
In base 2, what is -1111100 - 0?
-1111100
In base 4, what is -11 - 3222?
-3233
In base 14, what is 6cc - d?
6bd
In base 10, what is 28 + 31?
59
In base 8, what is -1 - 663?
-664
In base 3, what is 0 + -10221?
-10221
In base 3, what is 0 + -1002?
-1002
In base 4, what is -110 + 121?
11
In base 5, what is 100 + 2?
102
In base 5, what is 3 + 403?
411
In base 7, what is 30 - -126?
156
In base 12, what is 1a0 - 3?
199
In base 12, what is 0 + -14?
-14
In base 4, what is -13 - 11111?
-11130
In base 14, what is -d7b + 4?
-d77
In base 12, what is 22b - 1?
22a
In base 6, what is -34 + 5?
-25
In base 12, what is 64 + 3?
67
In base 6, what is 22 - -5521?
5543
In base 12, what is 5 - 1162?
-1159
In base 6, what is -125 - -2?
-123
In base 12, what is -13 + -1?
-14
In base 7, what is 1 - 1316?
-1315
In base 13, what is 1 + -14b9?
-14b8
In base 12, what is -562 - -2?
-560
In base 10, what is 23